uppose -d*a + 173 + 107 = 0. List the prime factors of a.
2, 7
Suppose u + 319 = 5*f - 6, f - 5*u - 41 = 0. Suppose -2*r = 5*n - 29, -5*n + 17 = 4*r - f. List the prime factors of r.
3
Suppose -1296*c + 2996 = -1294*c. What are the prime factors of c?
2, 7, 107
Let c = 15 - 19. Let t be ((0/(-3))/c)/3. Let y = 25 - t. List the prime factors of y.
5
Let n = 77 + -32. Suppose 13*r - n = 8*r. List the prime factors of r.
3
Let d(r) = -r**3 + 49*r**2 + 38*r + 313. List the prime factors of d(49).
3, 5, 29
Let o be 9/6 - (-5)/10. Let j be -12*o/(1 - 5). Let d(m) = -m**3 + 4*m**2 + 13*m + 4. List the prime factors of d(j).
2, 5
Let x(s) = s + 29. Let t be x(-15). List the prime factors of ((-12)/t - 0)/((-1)/77).
2, 3, 11
Let l = 29 - -98. Let q = l - 75. What are the prime factors of q?
2, 13
Suppose 0*r + 612 = 18*r. What are the prime factors of r?
2, 17
Suppose -4*q + 4 = 5*t, -4*t = t - q + 1. Let o = t + 27. Suppose w + o = 3*w - g, 24 = w - 4*g. What are the prime factors of w?
2, 3
Suppose 2*r = 5*w + 2259 + 136, r = -3*w + 1214. List the prime factors of r.
5, 241
Suppose 5*u + z - 3 = 0, -4*z + 11 + 1 = -2*u. Suppose u = 4*s - 142 - 70. List the prime factors of s.
53
Let h(x) = 5*x - 17. Suppose -8 = -4*u, -i - 4*i + 5*u + 15 = 0. Let t be h(i). Suppose -t = -2*r + 20. List the prime factors of r.
2, 7
Suppose 0 = -u + 5, -5*u + 23 = 2*r - 2*u. Suppose 0 = g - r - 1. Suppose 0 = 5*h - g*l - 220, -2*l = -5*h - 3*l + 226. What are the prime factors of h?
3, 5
Let d = 185 + -173. List the prime factors of d.
2, 3
Let f(i) = 5*i - 22. Let k = 109 + -102. List the prime factors of f(k).
13
Suppose d + 0 = 2. Suppose 4*t - 112 = -4*q, 0 = -3*q - d*t + 34 + 49. List the prime factors of q.
3
List the prime factors of 351/26*268/6.
3, 67
Let p be (-8)/(-32) - (-2)/(-8). Suppose -5*l + 2*l - 4*h - 137 = p, -3*l + 3*h = 144. Let n = l - -77. List the prime factors of n.
2, 3, 5
Let a be 6/(-4) + (-6)/(-4). Suppose 114 = -a*p + p. What are the prime factors of p?
2, 3, 19
Let j(w) be the second derivative of 3*w**4/2 + w**3/6 - w**2/2 + 3*w. Suppose 4*n = -m + 6*m + 19, n = -3*m - 8. List the prime factors of j(n).
2, 3
Suppose -p = -2*m - 4*p + 293, -2*p - 143 = -m. List the prime factors of m.
5, 29
Let c = -6 + 12. Suppose 39 = 2*s + 5*o, -c*s + s + 4*o = -15. Let m(g) = 2*g + 6. List the prime factors of m(s).
2, 5
Let p = -36 + 57. Suppose -w = -d + 20 + 4, w = 2*d - p. Let r = 50 + w. List the prime factors of r.
23
Suppose -7 = 5*s + 3. Let w(x) = 7*x + 2. Let d be w(1). Let a = d - s. What are the prime factors of a?
11
Let g(a) = a**2 + 10*a + 2. Let f be g(-10). Suppose f*k - 89 - 113 = 0. List the prime factors of k.
101
Suppose 370 = -10*z + 4550. List the prime factors of z.
2, 11, 19
Let y = 3855 + -3040. What are the prime factors of y?
5, 163
Let f be 0/(-4 + (-14)/(-2)). Suppose -3*k + k + 62 = f. List the prime factors of k.
31
Let i(f) = 4*f + 26. Let h be i(0). Let m = -22 + h. What are the prime factors of m?
2
What are the prime factors of (-13 - (-5)/1) + 327?
11, 29
Suppose -43*x + 5*t - 1035 = -45*x, -1 = t. List the prime factors of x.
2, 5, 13
Suppose 0 = 3*p - 5*g - 2773, -2*p + p = 2*g - 917. Suppose 44 = 5*f - p. Suppose 2*j = 3*l + 70, f = 5*j - l - 2*l. List the prime factors of j.
41
What are the prime factors of (-537230)/(-589) - (2 + (-72)/38)?
2, 3, 19
Suppose 2*l + 57 = 2*w - 55, 2*l = -8. Let z = -17 + w. List the prime factors of z.
5, 7
Let x = -5 - -7. Suppose 2*o - 6 = -x*n, 2*o - 4*o + 10 = 0. List the prime factors of 13 + n + 3 + -2.
2, 3
Suppose 0*o + 5*o - 139 = -a, -a = -2*o - 132. What are the prime factors of a?
2, 67
Let v(o) = 18*o**2 - 2*o - 1. Suppose 5*u = 22 - 12. What are the prime factors of v(u)?
67
Suppose y - 3*s - 157 = 0, -2*y + 0*y - 3*s = -359. Let x = -122 + y. List the prime factors of x.
2, 5
Let s be 42 - (0 + -3 + 0/(-1)). Suppose -2*z + s = y - 5*z, 2*y - 63 = -3*z. What are the prime factors of y?
2, 3
What are the prime factors of (7 + 614)*4/6?
2, 3, 23
Suppose -10 = -9*s + 14*s. List the prime factors of (42/(-5 + s))/(2/(-20)).
2, 3, 5
Suppose -3*i + 3178 + 4325 = 0. List the prime factors of i.
41, 61
Suppose 0 = -225*s + 230*s - 7575. What are the prime factors of s?
3, 5, 101
Let s(n) = 13*n - 28. Let v be s(7). Suppose 5*p = 111 + 59. Let d = v - p. What are the prime factors of d?
29
Suppose 2*t + 9 = 5. Let r be (0 + 11/t)*-14. Let q = -45 + r. What are the prime factors of q?
2
Let m(i) be the first derivative of -i**4/4 - 2*i**3 + 3*i**2 - 3*i - 3. Let l be m(-7). Suppose -12 = l*v - 5*v. What are the prime factors of v?
2, 3
Suppose -863 = -3*i + 2*g, -5*i + 5*g + 1044 = -386. What are the prime factors of i?
3, 97
Let n be 4 + (2*-2)/4. Suppose -2*r + 80 = n*r. Suppose 5*o = 2*o + 2*s + 8, -3*o = 2*s - r. What are the prime factors of o?
2
Let n be (16/20)/(8/20). Let c be (-28)/20 - n/(-5). List the prime factors of 0/c - (-169)/13.
13
What are the prime factors of (-1)/4 + 243/12?
2, 5
Let a(p) = -2*p**2 + 3*p**2 - 3 - 14*p + 16*p. Let z be a(0). What are the prime factors of (12 - 8)*z/(-4)?
3
Let u = 1840 - 1158. What are the prime factors of u?
2, 11, 31
Suppose s + 0*s = 4698. What are the prime factors of s?
2, 3, 29
Suppose -19890 = -50*j + 41*j. List the prime factors of j.
2, 5, 13, 17
Let t = 627 + -483. What are the prime factors of t?
2, 3
What are the prime factors of -1*186/21*-7?
2, 31
Let j(c) = c**3 - 8*c**2 + 7*c - 10. Let z be j(7). Let n = z + 6. What are the prime factors of 8*n/(-8)*4?
2
Suppose -3*d + 10*d - 21 = 0. Suppose -d*g - 3*g + 486 = 0. List the prime factors of g.
3
Suppose 775*b - 1630 = 770*b. What are the prime factors of b?
2, 163
Suppose 36 = s - 254. What are the prime factors of s?
2, 5, 29
Let c = 13 - 7. Let z(d) = d**2 - d - 2. Let j(o) = 2*o**2 - 2*o - 4. Let f(t) = c*j(t) - 11*z(t). What are the prime factors of f(-5)?
2, 7
List the prime factors of (1 - 58872/(-36)) + 4/(-3).
3, 5, 109
Let y be ((-90)/(-9))/(2/6). Suppose -u - y = -6*u. List the prime factors of u.
2, 3
Let b = 2 + -1. Suppose u + 4*l = 8, -9 + 0 = -2*u - l. List the prime factors of b/u + 717/12.
2, 3, 5
Let h = -71 + 69. What are the prime factors of (2 - -2)*42 + (h - 1)?
3, 5, 11
Suppose 4*s - 8697 = -k, 0 = 5*s - 3*k - 3097 - 7787. What are the prime factors of s?
3, 5, 29
Let w = 0 + 3. Suppose -4*t - 144 = -3*d + t, -w*d + 2*t = -144. What are the prime factors of d?
2, 3
Let s = -15 - -21. Let o(c) = -12*c + 6*c + 7*c. List the prime factors of o(s).
2, 3
Suppose h - 8 = 3*q - 6*q, -q = 5*h - 12. Suppose 115 = -h*z + 7*z. What are the prime factors of z?
23
Suppose 3*s - 3591 = -4*s. Suppose 2*n = s - 175. What are the prime factors of n?
13
Let g(f) = f - 9. Let r be g(11). Suppose 50 = -r*h - 4. Let n = h + 53. What are the prime factors of n?
2, 13
Let i(w) = -w**3 - 8*w**2 + 15*w + 6. Let p(m) = 2*m + 27. Let f be p(-18). Let l be ((-30)/f)/((-1)/3). List the prime factors of i(l).
2, 7
Let c be 16/3*(-21)/(-2). Suppose -3*m = 3*b - 27, 0 = -2*m - 8*b + 12*b. Suppose -c = -m*t + 4*t. What are the prime factors of t?
2, 7
Let h = 600 + -285. Suppose 6*v - h - 669 = 0. List the prime factors of v.
2, 41
Let o(r) = r**2 - 10*r + 13. Let i be o(9). Suppose j - 2*j = -i. Suppose 4*h = 2*q + 16, -h = -0*h - 2*q - j. What are the prime factors of h?
2
Suppose -130 = -5*w + 1450. Let c = w + -190. List the prime factors of c.
2, 3, 7
Suppose 28 - 13 = -3*v, -3*w - 5*v + 4727 = 0. List the prime factors of w.
2, 3, 11
Let g = 9 - 6. Let j(r) = -r**3 + 12*r**2 - 25*r - 18. Let p be j(9). Suppose p = -2*l - 4 + 12, -g*z = 5*l - 26. List the prime factors of z.
2
Let i(v) = v**3 + 11*v**2 + 6*v - 1. Let g be 2/6*-3 - 7. What are the prime factors of i(g)?
11, 13
Let h(p) = 425*p + 271. List the prime factors of h(8).
3671
Let n(u) = u**2 - 5. Let a be n(3). Suppose 2*z + a = -0. Let y(w) = 5*w**2 - 5*w - 5. What are the prime factors of y(z)?
5
Let l(u) be the second derivative of -u**3 - 3*u**2/2 - 2*u + 2. Let h(i) = -i**3 + 8*i**2 - 8*i + 4. Let n be h(7). List the prime factors of l(n).
3, 5
Let r be (-2)/(-13) - 48/(-26). Suppose 0 = -r*m + 123 + 1. What are the prime factors of m?
2, 31
Let m(s) = 3*s**2 - 11*s + 133. What are the prime fac